{"id":621,"date":"2019-03-06T13:20:04","date_gmt":"2019-03-06T13:20:04","guid":{"rendered":"https:\/\/www.interforce.dk\/?post_type=events&#038;p=621"},"modified":"2019-09-30T07:36:49","modified_gmt":"2019-09-30T07:36:49","slug":"proev-militaer-skydning-med-region-midtjylland","status":"publish","type":"events","link":"https:\/\/www.interforce.dk\/kl\/arrangementer\/proev-militaer-skydning-med-region-midtjylland\/","title":{"rendered":"Pr\u00f8v milit\u00e6r skydning med Region Midtjylland"},"content":{"rendered":"<div class=\"block core-block core-block--paragraph\">\n      <div class=\"inner inner--small\">\n      \n<p>InterForce Region Midtjylland inviterer til forevisning af og skydning med forsvarets v\u00e5ben. Begivenheden foreg\u00e5r p\u00e5 Skive Kaserne den 4. april kl. x til x. <\/p>\n\n      <\/div>\n  <\/div>\n<div class=\"block core-block core-block--paragraph\">\n      <div class=\"inner inner--small\">\n      \n<p>Tilmeld dig ved at skrive til midtjylland@interforce.dk ikke senere end 27. marts 2019. Der er begr\u00e6nset antal pladser.<\/p>\n\n      <\/div>\n  <\/div>","protected":false},"excerpt":{"rendered":"InterForce Region Midtjylland inviterer til forevisning af og skydning med forsv...","protected":false},"featured_media":707,"template":"","tags":[],"class_list":["post-621","events","type-events","status-publish","has-post-thumbnail","hentry"],"acf":[],"yoast_head":"<!-- This site is optimized with the Yoast SEO plugin v27.3 - https:\/\/yoast.com\/product\/yoast-seo-wordpress\/ -->\n<title>Pr\u00f8v milit\u00e6r skydning med Region Midtjylland - InterForce<\/title>\n<meta name=\"robots\" content=\"index, follow, max-snippet:-1, max-image-preview:large, max-video-preview:-1\" \/>\n<link rel=\"canonical\" href=\"https:\/\/www.interforce.dk\/kl\/arrangementer\/proev-militaer-skydning-med-region-midtjylland\/\" \/>\n<meta property=\"og:locale\" content=\"en_US\" \/>\n<meta property=\"og:type\" content=\"article\" \/>\n<meta property=\"og:title\" content=\"Pr\u00f8v milit\u00e6r skydning med Region Midtjylland - InterForce\" \/>\n<meta property=\"og:description\" content=\"InterForce Region Midtjylland inviterer til forevisning af og skydning med forsvarets v\u00e5ben. Begivenheden foreg\u00e5r p\u00e5 Skive Kaserne den 4. april kl. x til x. Tilmeld dig ved at skrive til midtjylland@interforce.dk ikke senere end 27. marts 2019. Der er begr\u00e6nset antal pladser.\" \/>\n<meta property=\"og:url\" content=\"https:\/\/www.interforce.dk\/kl\/arrangementer\/proev-militaer-skydning-med-region-midtjylland\/\" \/>\n<meta property=\"og:site_name\" content=\"InterForce\" \/>\n<meta property=\"article:modified_time\" content=\"2019-09-30T07:36:49+00:00\" \/>\n<meta property=\"og:image\" content=\"https:\/\/www.interforce.dk\/app\/uploads\/2019\/03\/tjenestepistol.jpg\" \/>\n\t<meta property=\"og:image:width\" content=\"560\" \/>\n\t<meta property=\"og:image:height\" content=\"333\" \/>\n\t<meta property=\"og:image:type\" content=\"image\/jpeg\" \/>\n<meta name=\"twitter:card\" content=\"summary_large_image\" \/>\n<script type=\"application\/ld+json\" class=\"yoast-schema-graph\">{\"@context\":\"https:\\\/\\\/schema.org\",\"@graph\":[{\"@type\":\"WebPage\",\"@id\":\"https:\\\/\\\/www.interforce.dk\\\/en\\\/arrangementer\\\/proev-militaer-skydning-med-region-midtjylland\\\/\",\"url\":\"https:\\\/\\\/www.interforce.dk\\\/en\\\/arrangementer\\\/proev-militaer-skydning-med-region-midtjylland\\\/\",\"name\":\"Pr\u00f8v milit\u00e6r skydning med Region Midtjylland - InterForce\",\"isPartOf\":{\"@id\":\"https:\\\/\\\/www.interforce.dk\\\/#website\"},\"primaryImageOfPage\":{\"@id\":\"https:\\\/\\\/www.interforce.dk\\\/en\\\/arrangementer\\\/proev-militaer-skydning-med-region-midtjylland\\\/#primaryimage\"},\"image\":{\"@id\":\"https:\\\/\\\/www.interforce.dk\\\/en\\\/arrangementer\\\/proev-militaer-skydning-med-region-midtjylland\\\/#primaryimage\"},\"thumbnailUrl\":\"https:\\\/\\\/www.interforce.dk\\\/app\\\/uploads\\\/2019\\\/03\\\/tjenestepistol.jpg\",\"datePublished\":\"2019-03-06T13:20:04+00:00\",\"dateModified\":\"2019-09-30T07:36:49+00:00\",\"breadcrumb\":{\"@id\":\"https:\\\/\\\/www.interforce.dk\\\/en\\\/arrangementer\\\/proev-militaer-skydning-med-region-midtjylland\\\/#breadcrumb\"},\"inLanguage\":\"kl-GL\",\"potentialAction\":[{\"@type\":\"ReadAction\",\"target\":[\"https:\\\/\\\/www.interforce.dk\\\/en\\\/arrangementer\\\/proev-militaer-skydning-med-region-midtjylland\\\/\"]}]},{\"@type\":\"ImageObject\",\"inLanguage\":\"kl-GL\",\"@id\":\"https:\\\/\\\/www.interforce.dk\\\/en\\\/arrangementer\\\/proev-militaer-skydning-med-region-midtjylland\\\/#primaryimage\",\"url\":\"https:\\\/\\\/www.interforce.dk\\\/app\\\/uploads\\\/2019\\\/03\\\/tjenestepistol.jpg\",\"contentUrl\":\"https:\\\/\\\/www.interforce.dk\\\/app\\\/uploads\\\/2019\\\/03\\\/tjenestepistol.jpg\",\"width\":560,\"height\":333},{\"@type\":\"BreadcrumbList\",\"@id\":\"https:\\\/\\\/www.interforce.dk\\\/en\\\/arrangementer\\\/proev-militaer-skydning-med-region-midtjylland\\\/#breadcrumb\",\"itemListElement\":[{\"@type\":\"ListItem\",\"position\":1,\"name\":\"Hjem\",\"item\":\"https:\\\/\\\/www.interforce.dk\\\/\"},{\"@type\":\"ListItem\",\"position\":2,\"name\":\"Arrangementer\",\"item\":\"https:\\\/\\\/www.interforce.dk\\\/kl\\\/arrangementer\\\/\"},{\"@type\":\"ListItem\",\"position\":3,\"name\":\"Pr\u00f8v milit\u00e6r skydning med Region Midtjylland\"}]},{\"@type\":\"WebSite\",\"@id\":\"https:\\\/\\\/www.interforce.dk\\\/#website\",\"url\":\"https:\\\/\\\/www.interforce.dk\\\/\",\"name\":\"InterForce\",\"description\":\"\",\"potentialAction\":[{\"@type\":\"SearchAction\",\"target\":{\"@type\":\"EntryPoint\",\"urlTemplate\":\"https:\\\/\\\/www.interforce.dk\\\/?s={search_term_string}\"},\"query-input\":{\"@type\":\"PropertyValueSpecification\",\"valueRequired\":true,\"valueName\":\"search_term_string\"}}],\"inLanguage\":\"kl-GL\"}]}<\/script>\n<!-- \/ Yoast SEO plugin. -->","yoast_head_json":{"title":"Pr\u00f8v milit\u00e6r skydning med Region Midtjylland - InterForce","robots":{"index":"index","follow":"follow","max-snippet":"max-snippet:-1","max-image-preview":"max-image-preview:large","max-video-preview":"max-video-preview:-1"},"canonical":"https:\/\/www.interforce.dk\/kl\/arrangementer\/proev-militaer-skydning-med-region-midtjylland\/","og_locale":"en_US","og_type":"article","og_title":"Pr\u00f8v milit\u00e6r skydning med Region Midtjylland - InterForce","og_description":"InterForce Region Midtjylland inviterer til forevisning af og skydning med forsvarets v\u00e5ben. Begivenheden foreg\u00e5r p\u00e5 Skive Kaserne den 4. april kl. x til x. Tilmeld dig ved at skrive til midtjylland@interforce.dk ikke senere end 27. marts 2019. Der er begr\u00e6nset antal pladser.","og_url":"https:\/\/www.interforce.dk\/kl\/arrangementer\/proev-militaer-skydning-med-region-midtjylland\/","og_site_name":"InterForce","article_modified_time":"2019-09-30T07:36:49+00:00","og_image":[{"width":560,"height":333,"url":"https:\/\/www.interforce.dk\/app\/uploads\/2019\/03\/tjenestepistol.jpg","type":"image\/jpeg"}],"twitter_card":"summary_large_image","schema":{"@context":"https:\/\/schema.org","@graph":[{"@type":"WebPage","@id":"https:\/\/www.interforce.dk\/en\/arrangementer\/proev-militaer-skydning-med-region-midtjylland\/","url":"https:\/\/www.interforce.dk\/en\/arrangementer\/proev-militaer-skydning-med-region-midtjylland\/","name":"Pr\u00f8v milit\u00e6r skydning med Region Midtjylland - InterForce","isPartOf":{"@id":"https:\/\/www.interforce.dk\/#website"},"primaryImageOfPage":{"@id":"https:\/\/www.interforce.dk\/en\/arrangementer\/proev-militaer-skydning-med-region-midtjylland\/#primaryimage"},"image":{"@id":"https:\/\/www.interforce.dk\/en\/arrangementer\/proev-militaer-skydning-med-region-midtjylland\/#primaryimage"},"thumbnailUrl":"https:\/\/www.interforce.dk\/app\/uploads\/2019\/03\/tjenestepistol.jpg","datePublished":"2019-03-06T13:20:04+00:00","dateModified":"2019-09-30T07:36:49+00:00","breadcrumb":{"@id":"https:\/\/www.interforce.dk\/en\/arrangementer\/proev-militaer-skydning-med-region-midtjylland\/#breadcrumb"},"inLanguage":"kl-GL","potentialAction":[{"@type":"ReadAction","target":["https:\/\/www.interforce.dk\/en\/arrangementer\/proev-militaer-skydning-med-region-midtjylland\/"]}]},{"@type":"ImageObject","inLanguage":"kl-GL","@id":"https:\/\/www.interforce.dk\/en\/arrangementer\/proev-militaer-skydning-med-region-midtjylland\/#primaryimage","url":"https:\/\/www.interforce.dk\/app\/uploads\/2019\/03\/tjenestepistol.jpg","contentUrl":"https:\/\/www.interforce.dk\/app\/uploads\/2019\/03\/tjenestepistol.jpg","width":560,"height":333},{"@type":"BreadcrumbList","@id":"https:\/\/www.interforce.dk\/en\/arrangementer\/proev-militaer-skydning-med-region-midtjylland\/#breadcrumb","itemListElement":[{"@type":"ListItem","position":1,"name":"Hjem","item":"https:\/\/www.interforce.dk\/"},{"@type":"ListItem","position":2,"name":"Arrangementer","item":"https:\/\/www.interforce.dk\/kl\/arrangementer\/"},{"@type":"ListItem","position":3,"name":"Pr\u00f8v milit\u00e6r skydning med Region Midtjylland"}]},{"@type":"WebSite","@id":"https:\/\/www.interforce.dk\/#website","url":"https:\/\/www.interforce.dk\/","name":"InterForce","description":"","potentialAction":[{"@type":"SearchAction","target":{"@type":"EntryPoint","urlTemplate":"https:\/\/www.interforce.dk\/?s={search_term_string}"},"query-input":{"@type":"PropertyValueSpecification","valueRequired":true,"valueName":"search_term_string"}}],"inLanguage":"kl-GL"}]}},"_links":{"self":[{"href":"https:\/\/www.interforce.dk\/kl\/wp-json\/wp\/v2\/events\/621","targetHints":{"allow":["GET"]}}],"collection":[{"href":"https:\/\/www.interforce.dk\/kl\/wp-json\/wp\/v2\/events"}],"about":[{"href":"https:\/\/www.interforce.dk\/kl\/wp-json\/wp\/v2\/types\/events"}],"wp:featuredmedia":[{"embeddable":true,"href":"https:\/\/www.interforce.dk\/kl\/wp-json\/wp\/v2\/media\/707"}],"wp:attachment":[{"href":"https:\/\/www.interforce.dk\/kl\/wp-json\/wp\/v2\/media?parent=621"}],"wp:term":[{"taxonomy":"post_tag","embeddable":true,"href":"https:\/\/www.interforce.dk\/kl\/wp-json\/wp\/v2\/tags?post=621"}],"curies":[{"name":"wp","href":"https:\/\/api.w.org\/{rel}","templated":true}]}}

Prøv militær skydning med Region Midtjylland

<div class="block core-block core-block--paragraph">
      <div class="inner inner--small">
      
<p>InterForce Region Midtjylland inviterer til forevisning af og skydning med forsvarets våben. Begivenheden foregår på Skive Kaserne den 4. april kl. x til x. </p>

      </div>
  </div>
<div class="block core-block core-block--paragraph">
      <div class="inner inner--small">
      
<p>Tilmeld dig ved at skrive til midtjylland@interforce.dk ikke senere end 27. marts 2019. Der er begrænset antal pladser.</p>

      </div>
  </div>

<!-- This site is optimized with the Yoast SEO plugin v27.3 - https://yoast.com/product/yoast-seo-wordpress/ -->
<title>Prøv militær skydning med Region Midtjylland - InterForce</title>
<meta name="robots" content="index, follow, max-snippet:-1, max-image-preview:large, max-video-preview:-1" />
<link rel="canonical" href="https://www.interforce.dk/kl/arrangementer/proev-militaer-skydning-med-region-midtjylland/" />
<meta property="og:locale" content="en_US" />
<meta property="og:type" content="article" />
<meta property="og:title" content="Prøv militær skydning med Region Midtjylland - InterForce" />
<meta property="og:description" content="InterForce Region Midtjylland inviterer til forevisning af og skydning med forsvarets våben. Begivenheden foregår på Skive Kaserne den 4. april kl. x til x. Tilmeld dig ved at skrive til midtjylland@interforce.dk ikke senere end 27. marts 2019. Der er begrænset antal pladser." />
<meta property="og:url" content="https://www.interforce.dk/kl/arrangementer/proev-militaer-skydning-med-region-midtjylland/" />
<meta property="og:site_name" content="InterForce" />
<meta property="article:modified_time" content="2019-09-30T07:36:49+00:00" />
<meta property="og:image" content="https://www.interforce.dk/app/uploads/2019/03/tjenestepistol.jpg" />
	<meta property="og:image:width" content="560" />
	<meta property="og:image:height" content="333" />
	<meta property="og:image:type" content="image/jpeg" />
<meta name="twitter:card" content="summary_large_image" />
<script type="application/ld+json" class="yoast-schema-graph">{"@context":"https:\/\/schema.org","@graph":[{"@type":"WebPage","@id":"https:\/\/www.interforce.dk\/en\/arrangementer\/proev-militaer-skydning-med-region-midtjylland\/","url":"https:\/\/www.interforce.dk\/en\/arrangementer\/proev-militaer-skydning-med-region-midtjylland\/","name":"Prøv militær skydning med Region Midtjylland - InterForce","isPartOf":{"@id":"https:\/\/www.interforce.dk\/#website"},"primaryImageOfPage":{"@id":"https:\/\/www.interforce.dk\/en\/arrangementer\/proev-militaer-skydning-med-region-midtjylland\/#primaryimage"},"image":{"@id":"https:\/\/www.interforce.dk\/en\/arrangementer\/proev-militaer-skydning-med-region-midtjylland\/#primaryimage"},"thumbnailUrl":"https:\/\/www.interforce.dk\/app\/uploads\/2019\/03\/tjenestepistol.jpg","datePublished":"2019-03-06T13:20:04+00:00","dateModified":"2019-09-30T07:36:49+00:00","breadcrumb":{"@id":"https:\/\/www.interforce.dk\/en\/arrangementer\/proev-militaer-skydning-med-region-midtjylland\/#breadcrumb"},"inLanguage":"kl-GL","potentialAction":[{"@type":"ReadAction","target":["https:\/\/www.interforce.dk\/en\/arrangementer\/proev-militaer-skydning-med-region-midtjylland\/"]}]},{"@type":"ImageObject","inLanguage":"kl-GL","@id":"https:\/\/www.interforce.dk\/en\/arrangementer\/proev-militaer-skydning-med-region-midtjylland\/#primaryimage","url":"https:\/\/www.interforce.dk\/app\/uploads\/2019\/03\/tjenestepistol.jpg","contentUrl":"https:\/\/www.interforce.dk\/app\/uploads\/2019\/03\/tjenestepistol.jpg","width":560,"height":333},{"@type":"BreadcrumbList","@id":"https:\/\/www.interforce.dk\/en\/arrangementer\/proev-militaer-skydning-med-region-midtjylland\/#breadcrumb","itemListElement":[{"@type":"ListItem","position":1,"name":"Hjem","item":"https:\/\/www.interforce.dk\/"},{"@type":"ListItem","position":2,"name":"Arrangementer","item":"https:\/\/www.interforce.dk\/kl\/arrangementer\/"},{"@type":"ListItem","position":3,"name":"Prøv militær skydning med Region Midtjylland"}]},{"@type":"WebSite","@id":"https:\/\/www.interforce.dk\/#website","url":"https:\/\/www.interforce.dk\/","name":"InterForce","description":"","potentialAction":[{"@type":"SearchAction","target":{"@type":"EntryPoint","urlTemplate":"https:\/\/www.interforce.dk\/?s={search_term_string}"},"query-input":{"@type":"PropertyValueSpecification","valueRequired":true,"valueName":"search_term_string"}}],"inLanguage":"kl-GL"}]}</script>
<!-- / Yoast SEO plugin. -->

Prøv militær skydning med Region Midtjylland - InterForce

InterForce Region Midtjylland inviterer til forevisning af og skydning med forsvarets våben. Begivenheden foregår på Skive Kaserne den 4. april kl. x til x. Tilmeld dig ved at skrive til midtjylland@interforce.dk ikke senere end 27. marts 2019. Der er begrænset antal pladser.
