{"id":10250,"date":"2021-01-18T14:55:00","date_gmt":"2021-01-18T14:55:00","guid":{"rendered":"http:\/\/www.interforce.dk\/?post_type=events&#038;p=10250"},"modified":"2021-01-19T10:12:10","modified_gmt":"2021-01-19T10:12:10","slug":"staerekassemoederne-25-26-august-2021-i-koebenhavn","status":"publish","type":"events","link":"https:\/\/www.interforce.dk\/kl\/arrangementer\/staerekassemoederne-25-26-august-2021-i-koebenhavn\/","title":{"rendered":"St\u00e6rekassem\u00f8derne 25. og 26. august 2021 i K\u00f8benhavn"},"content":{"rendered":"<div class=\"block core-block core-block--paragraph\">\n      <div class=\"inner inner--small\">\n      \n<p><\/p>\n\n      <\/div>\n  <\/div>\n<div class=\"block core-block core-block--paragraph\">\n      <div class=\"inner inner--small\">\n      \n<p>Civile og milit\u00e6re topledere indbydes (pr. invitation), til at m\u00f8des og diskutere h\u00f8jaktuelle ledelses emner i et lukket og fortroligt rum med henblik p\u00e5 at blive udfordret, inspireret og dele viden og holdninger.<\/p>\n\n      <\/div>\n  <\/div>\n<div class=\"block core-block core-block--paragraph\">\n      <div class=\"inner inner--small\">\n      \n<p><\/p>\n\n      <\/div>\n  <\/div>","protected":false},"excerpt":{"rendered":"Civile og milit\u00e6re topledere indbydes (pr. invitation), til at m\u00f8des og diskut...","protected":false},"featured_media":10156,"template":"","tags":[55],"class_list":["post-10250","events","type-events","status-publish","has-post-thumbnail","hentry","tag-tag-hovedstaden"],"acf":[],"yoast_head":"<!-- This site is optimized with the Yoast SEO plugin v27.3 - https:\/\/yoast.com\/product\/yoast-seo-wordpress\/ -->\n<title>St\u00e6rekassem\u00f8derne 25. og 26. august 2021 i K\u00f8benhavn - InterForce<\/title>\n<meta name=\"robots\" content=\"index, follow, max-snippet:-1, max-image-preview:large, max-video-preview:-1\" \/>\n<link rel=\"canonical\" href=\"https:\/\/www.interforce.dk\/kl\/arrangementer\/staerekassemoederne-25-26-august-2021-i-koebenhavn\/\" \/>\n<meta property=\"og:locale\" content=\"en_US\" \/>\n<meta property=\"og:type\" content=\"article\" \/>\n<meta property=\"og:title\" content=\"St\u00e6rekassem\u00f8derne 25. og 26. august 2021 i K\u00f8benhavn - InterForce\" \/>\n<meta property=\"og:description\" content=\"Civile og milit\u00e6re topledere indbydes (pr. invitation), til at m\u00f8des og diskutere h\u00f8jaktuelle ledelses emner i et lukket og fortroligt rum med henblik p\u00e5 at blive udfordret, inspireret og dele viden og holdninger.\" \/>\n<meta property=\"og:url\" content=\"https:\/\/www.interforce.dk\/kl\/arrangementer\/staerekassemoederne-25-26-august-2021-i-koebenhavn\/\" \/>\n<meta property=\"og:site_name\" content=\"InterForce\" \/>\n<meta property=\"article:modified_time\" content=\"2021-01-19T10:12:10+00:00\" \/>\n<meta property=\"og:image\" content=\"https:\/\/www.interforce.dk\/app\/uploads\/2020\/05\/E2A1253_resize.jpg\" \/>\n\t<meta property=\"og:image:width\" content=\"800\" \/>\n\t<meta property=\"og:image:height\" content=\"533\" \/>\n\t<meta property=\"og:image:type\" content=\"image\/jpeg\" \/>\n<meta name=\"twitter:card\" content=\"summary_large_image\" \/>\n<script type=\"application\/ld+json\" class=\"yoast-schema-graph\">{\"@context\":\"https:\\\/\\\/schema.org\",\"@graph\":[{\"@type\":\"WebPage\",\"@id\":\"https:\\\/\\\/www.interforce.dk\\\/arrangementer\\\/staerekassemoederne-25-26-august-2021-i-koebenhavn\\\/\",\"url\":\"https:\\\/\\\/www.interforce.dk\\\/arrangementer\\\/staerekassemoederne-25-26-august-2021-i-koebenhavn\\\/\",\"name\":\"St\u00e6rekassem\u00f8derne 25. og 26. august 2021 i K\u00f8benhavn - InterForce\",\"isPartOf\":{\"@id\":\"https:\\\/\\\/www.interforce.dk\\\/#website\"},\"primaryImageOfPage\":{\"@id\":\"https:\\\/\\\/www.interforce.dk\\\/arrangementer\\\/staerekassemoederne-25-26-august-2021-i-koebenhavn\\\/#primaryimage\"},\"image\":{\"@id\":\"https:\\\/\\\/www.interforce.dk\\\/arrangementer\\\/staerekassemoederne-25-26-august-2021-i-koebenhavn\\\/#primaryimage\"},\"thumbnailUrl\":\"https:\\\/\\\/www.interforce.dk\\\/app\\\/uploads\\\/2020\\\/05\\\/E2A1253_resize.jpg\",\"datePublished\":\"2021-01-18T14:55:00+00:00\",\"dateModified\":\"2021-01-19T10:12:10+00:00\",\"breadcrumb\":{\"@id\":\"https:\\\/\\\/www.interforce.dk\\\/arrangementer\\\/staerekassemoederne-25-26-august-2021-i-koebenhavn\\\/#breadcrumb\"},\"inLanguage\":\"kl-GL\",\"potentialAction\":[{\"@type\":\"ReadAction\",\"target\":[\"https:\\\/\\\/www.interforce.dk\\\/arrangementer\\\/staerekassemoederne-25-26-august-2021-i-koebenhavn\\\/\"]}]},{\"@type\":\"ImageObject\",\"inLanguage\":\"kl-GL\",\"@id\":\"https:\\\/\\\/www.interforce.dk\\\/arrangementer\\\/staerekassemoederne-25-26-august-2021-i-koebenhavn\\\/#primaryimage\",\"url\":\"https:\\\/\\\/www.interforce.dk\\\/app\\\/uploads\\\/2020\\\/05\\\/E2A1253_resize.jpg\",\"contentUrl\":\"https:\\\/\\\/www.interforce.dk\\\/app\\\/uploads\\\/2020\\\/05\\\/E2A1253_resize.jpg\",\"width\":800,\"height\":533},{\"@type\":\"BreadcrumbList\",\"@id\":\"https:\\\/\\\/www.interforce.dk\\\/arrangementer\\\/staerekassemoederne-25-26-august-2021-i-koebenhavn\\\/#breadcrumb\",\"itemListElement\":[{\"@type\":\"ListItem\",\"position\":1,\"name\":\"Hjem\",\"item\":\"https:\\\/\\\/www.interforce.dk\\\/\"},{\"@type\":\"ListItem\",\"position\":2,\"name\":\"Arrangementer\",\"item\":\"https:\\\/\\\/www.interforce.dk\\\/kl\\\/arrangementer\\\/\"},{\"@type\":\"ListItem\",\"position\":3,\"name\":\"St\u00e6rekassem\u00f8derne 25. og 26. august 2021 i K\u00f8benhavn\"}]},{\"@type\":\"WebSite\",\"@id\":\"https:\\\/\\\/www.interforce.dk\\\/#website\",\"url\":\"https:\\\/\\\/www.interforce.dk\\\/\",\"name\":\"InterForce\",\"description\":\"\",\"potentialAction\":[{\"@type\":\"SearchAction\",\"target\":{\"@type\":\"EntryPoint\",\"urlTemplate\":\"https:\\\/\\\/www.interforce.dk\\\/?s={search_term_string}\"},\"query-input\":{\"@type\":\"PropertyValueSpecification\",\"valueRequired\":true,\"valueName\":\"search_term_string\"}}],\"inLanguage\":\"kl-GL\"}]}<\/script>\n<!-- \/ Yoast SEO plugin. -->","yoast_head_json":{"title":"St\u00e6rekassem\u00f8derne 25. og 26. august 2021 i K\u00f8benhavn - InterForce","robots":{"index":"index","follow":"follow","max-snippet":"max-snippet:-1","max-image-preview":"max-image-preview:large","max-video-preview":"max-video-preview:-1"},"canonical":"https:\/\/www.interforce.dk\/kl\/arrangementer\/staerekassemoederne-25-26-august-2021-i-koebenhavn\/","og_locale":"en_US","og_type":"article","og_title":"St\u00e6rekassem\u00f8derne 25. og 26. august 2021 i K\u00f8benhavn - InterForce","og_description":"Civile og milit\u00e6re topledere indbydes (pr. invitation), til at m\u00f8des og diskutere h\u00f8jaktuelle ledelses emner i et lukket og fortroligt rum med henblik p\u00e5 at blive udfordret, inspireret og dele viden og holdninger.","og_url":"https:\/\/www.interforce.dk\/kl\/arrangementer\/staerekassemoederne-25-26-august-2021-i-koebenhavn\/","og_site_name":"InterForce","article_modified_time":"2021-01-19T10:12:10+00:00","og_image":[{"width":800,"height":533,"url":"https:\/\/www.interforce.dk\/app\/uploads\/2020\/05\/E2A1253_resize.jpg","type":"image\/jpeg"}],"twitter_card":"summary_large_image","schema":{"@context":"https:\/\/schema.org","@graph":[{"@type":"WebPage","@id":"https:\/\/www.interforce.dk\/arrangementer\/staerekassemoederne-25-26-august-2021-i-koebenhavn\/","url":"https:\/\/www.interforce.dk\/arrangementer\/staerekassemoederne-25-26-august-2021-i-koebenhavn\/","name":"St\u00e6rekassem\u00f8derne 25. og 26. august 2021 i K\u00f8benhavn - InterForce","isPartOf":{"@id":"https:\/\/www.interforce.dk\/#website"},"primaryImageOfPage":{"@id":"https:\/\/www.interforce.dk\/arrangementer\/staerekassemoederne-25-26-august-2021-i-koebenhavn\/#primaryimage"},"image":{"@id":"https:\/\/www.interforce.dk\/arrangementer\/staerekassemoederne-25-26-august-2021-i-koebenhavn\/#primaryimage"},"thumbnailUrl":"https:\/\/www.interforce.dk\/app\/uploads\/2020\/05\/E2A1253_resize.jpg","datePublished":"2021-01-18T14:55:00+00:00","dateModified":"2021-01-19T10:12:10+00:00","breadcrumb":{"@id":"https:\/\/www.interforce.dk\/arrangementer\/staerekassemoederne-25-26-august-2021-i-koebenhavn\/#breadcrumb"},"inLanguage":"kl-GL","potentialAction":[{"@type":"ReadAction","target":["https:\/\/www.interforce.dk\/arrangementer\/staerekassemoederne-25-26-august-2021-i-koebenhavn\/"]}]},{"@type":"ImageObject","inLanguage":"kl-GL","@id":"https:\/\/www.interforce.dk\/arrangementer\/staerekassemoederne-25-26-august-2021-i-koebenhavn\/#primaryimage","url":"https:\/\/www.interforce.dk\/app\/uploads\/2020\/05\/E2A1253_resize.jpg","contentUrl":"https:\/\/www.interforce.dk\/app\/uploads\/2020\/05\/E2A1253_resize.jpg","width":800,"height":533},{"@type":"BreadcrumbList","@id":"https:\/\/www.interforce.dk\/arrangementer\/staerekassemoederne-25-26-august-2021-i-koebenhavn\/#breadcrumb","itemListElement":[{"@type":"ListItem","position":1,"name":"Hjem","item":"https:\/\/www.interforce.dk\/"},{"@type":"ListItem","position":2,"name":"Arrangementer","item":"https:\/\/www.interforce.dk\/kl\/arrangementer\/"},{"@type":"ListItem","position":3,"name":"St\u00e6rekassem\u00f8derne 25. og 26. august 2021 i K\u00f8benhavn"}]},{"@type":"WebSite","@id":"https:\/\/www.interforce.dk\/#website","url":"https:\/\/www.interforce.dk\/","name":"InterForce","description":"","potentialAction":[{"@type":"SearchAction","target":{"@type":"EntryPoint","urlTemplate":"https:\/\/www.interforce.dk\/?s={search_term_string}"},"query-input":{"@type":"PropertyValueSpecification","valueRequired":true,"valueName":"search_term_string"}}],"inLanguage":"kl-GL"}]}},"_links":{"self":[{"href":"https:\/\/www.interforce.dk\/kl\/wp-json\/wp\/v2\/events\/10250","targetHints":{"allow":["GET"]}}],"collection":[{"href":"https:\/\/www.interforce.dk\/kl\/wp-json\/wp\/v2\/events"}],"about":[{"href":"https:\/\/www.interforce.dk\/kl\/wp-json\/wp\/v2\/types\/events"}],"wp:featuredmedia":[{"embeddable":true,"href":"https:\/\/www.interforce.dk\/kl\/wp-json\/wp\/v2\/media\/10156"}],"wp:attachment":[{"href":"https:\/\/www.interforce.dk\/kl\/wp-json\/wp\/v2\/media?parent=10250"}],"wp:term":[{"taxonomy":"post_tag","embeddable":true,"href":"https:\/\/www.interforce.dk\/kl\/wp-json\/wp\/v2\/tags?post=10250"}],"curies":[{"name":"wp","href":"https:\/\/api.w.org\/{rel}","templated":true}]}}

Stærekassemøderne 25. og 26. august 2021 i København

<div class="block core-block core-block--paragraph">
      <div class="inner inner--small">
      
<p></p>

      </div>
  </div>
<div class="block core-block core-block--paragraph">
      <div class="inner inner--small">
      
<p>Civile og militære topledere indbydes (pr. invitation), til at mødes og diskutere højaktuelle ledelses emner i et lukket og fortroligt rum med henblik på at blive udfordret, inspireret og dele viden og holdninger.</p>

      </div>
  </div>
<div class="block core-block core-block--paragraph">
      <div class="inner inner--small">
      
<p></p>

      </div>
  </div>

Civile og militære topledere indbydes (pr. invitation), til at mødes og diskut...

<!-- This site is optimized with the Yoast SEO plugin v27.3 - https://yoast.com/product/yoast-seo-wordpress/ -->
<title>Stærekassemøderne 25. og 26. august 2021 i København - InterForce</title>
<meta name="robots" content="index, follow, max-snippet:-1, max-image-preview:large, max-video-preview:-1" />
<link rel="canonical" href="https://www.interforce.dk/kl/arrangementer/staerekassemoederne-25-26-august-2021-i-koebenhavn/" />
<meta property="og:locale" content="en_US" />
<meta property="og:type" content="article" />
<meta property="og:title" content="Stærekassemøderne 25. og 26. august 2021 i København - InterForce" />
<meta property="og:description" content="Civile og militære topledere indbydes (pr. invitation), til at mødes og diskutere højaktuelle ledelses emner i et lukket og fortroligt rum med henblik på at blive udfordret, inspireret og dele viden og holdninger." />
<meta property="og:url" content="https://www.interforce.dk/kl/arrangementer/staerekassemoederne-25-26-august-2021-i-koebenhavn/" />
<meta property="og:site_name" content="InterForce" />
<meta property="article:modified_time" content="2021-01-19T10:12:10+00:00" />
<meta property="og:image" content="https://www.interforce.dk/app/uploads/2020/05/E2A1253_resize.jpg" />
	<meta property="og:image:width" content="800" />
	<meta property="og:image:height" content="533" />
	<meta property="og:image:type" content="image/jpeg" />
<meta name="twitter:card" content="summary_large_image" />
<script type="application/ld+json" class="yoast-schema-graph">{"@context":"https:\/\/schema.org","@graph":[{"@type":"WebPage","@id":"https:\/\/www.interforce.dk\/arrangementer\/staerekassemoederne-25-26-august-2021-i-koebenhavn\/","url":"https:\/\/www.interforce.dk\/arrangementer\/staerekassemoederne-25-26-august-2021-i-koebenhavn\/","name":"Stærekassemøderne 25. og 26. august 2021 i København - InterForce","isPartOf":{"@id":"https:\/\/www.interforce.dk\/#website"},"primaryImageOfPage":{"@id":"https:\/\/www.interforce.dk\/arrangementer\/staerekassemoederne-25-26-august-2021-i-koebenhavn\/#primaryimage"},"image":{"@id":"https:\/\/www.interforce.dk\/arrangementer\/staerekassemoederne-25-26-august-2021-i-koebenhavn\/#primaryimage"},"thumbnailUrl":"https:\/\/www.interforce.dk\/app\/uploads\/2020\/05\/E2A1253_resize.jpg","datePublished":"2021-01-18T14:55:00+00:00","dateModified":"2021-01-19T10:12:10+00:00","breadcrumb":{"@id":"https:\/\/www.interforce.dk\/arrangementer\/staerekassemoederne-25-26-august-2021-i-koebenhavn\/#breadcrumb"},"inLanguage":"kl-GL","potentialAction":[{"@type":"ReadAction","target":["https:\/\/www.interforce.dk\/arrangementer\/staerekassemoederne-25-26-august-2021-i-koebenhavn\/"]}]},{"@type":"ImageObject","inLanguage":"kl-GL","@id":"https:\/\/www.interforce.dk\/arrangementer\/staerekassemoederne-25-26-august-2021-i-koebenhavn\/#primaryimage","url":"https:\/\/www.interforce.dk\/app\/uploads\/2020\/05\/E2A1253_resize.jpg","contentUrl":"https:\/\/www.interforce.dk\/app\/uploads\/2020\/05\/E2A1253_resize.jpg","width":800,"height":533},{"@type":"BreadcrumbList","@id":"https:\/\/www.interforce.dk\/arrangementer\/staerekassemoederne-25-26-august-2021-i-koebenhavn\/#breadcrumb","itemListElement":[{"@type":"ListItem","position":1,"name":"Hjem","item":"https:\/\/www.interforce.dk\/"},{"@type":"ListItem","position":2,"name":"Arrangementer","item":"https:\/\/www.interforce.dk\/kl\/arrangementer\/"},{"@type":"ListItem","position":3,"name":"Stærekassemøderne 25. og 26. august 2021 i København"}]},{"@type":"WebSite","@id":"https:\/\/www.interforce.dk\/#website","url":"https:\/\/www.interforce.dk\/","name":"InterForce","description":"","potentialAction":[{"@type":"SearchAction","target":{"@type":"EntryPoint","urlTemplate":"https:\/\/www.interforce.dk\/?s={search_term_string}"},"query-input":{"@type":"PropertyValueSpecification","valueRequired":true,"valueName":"search_term_string"}}],"inLanguage":"kl-GL"}]}</script>
<!-- / Yoast SEO plugin. -->

Stærekassemøderne 25. og 26. august 2021 i København - InterForce

Civile og militære topledere indbydes (pr. invitation), til at mødes og diskutere højaktuelle ledelses emner i et lukket og fortroligt rum med henblik på at blive udfordret, inspireret og dele viden og holdninger.
