{"id":10166,"date":"2021-01-18T10:19:00","date_gmt":"2021-01-18T10:19:00","guid":{"rendered":"http:\/\/www.interforce.dk\/?post_type=events&#038;p=10166"},"modified":"2021-01-19T10:26:14","modified_gmt":"2021-01-19T10:26:14","slug":"militaerudfordringsdag-og-skydekonkurrence-2021","status":"publish","type":"events","link":"https:\/\/www.interforce.dk\/kl\/arrangementer\/militaerudfordringsdag-og-skydekonkurrence-2021\/","title":{"rendered":"Milit\u00e6rudfordringsdag og Skydekonkurrence 2021"},"content":{"rendered":"<div class=\"block core-block core-block--paragraph\">\n      <div class=\"inner inner--small\">\n      \n<p>InterForce Region Hovedstaden inviterer hvert \u00e5r st\u00f8ttevirksomheder p\u00e5 Garderkasernen i H\u00f8velte, til at pr\u00f8ve kr\u00e6fter med forhindringsbaner, h\u00e5ndgranatkast og skydning p\u00e5 skydebanen.<\/p>\n\n      <\/div>\n  <\/div>","protected":false},"excerpt":{"rendered":"InterForce Region Hovedstaden inviterer hvert \u00e5r st\u00f8ttevirksomheder p\u00e5 Garder...","protected":false},"featured_media":10164,"template":"","tags":[55],"class_list":["post-10166","events","type-events","status-publish","has-post-thumbnail","hentry","tag-tag-hovedstaden"],"acf":[],"yoast_head":"<!-- This site is optimized with the Yoast SEO plugin v27.3 - https:\/\/yoast.com\/product\/yoast-seo-wordpress\/ -->\n<title>Milit\u00e6rudfordringsdag og Skydekonkurrence 2021 - InterForce<\/title>\n<meta name=\"robots\" content=\"index, follow, max-snippet:-1, max-image-preview:large, max-video-preview:-1\" \/>\n<link rel=\"canonical\" href=\"https:\/\/www.interforce.dk\/kl\/arrangementer\/militaerudfordringsdag-og-skydekonkurrence-2021\/\" \/>\n<meta property=\"og:locale\" content=\"en_US\" \/>\n<meta property=\"og:type\" content=\"article\" \/>\n<meta property=\"og:title\" content=\"Milit\u00e6rudfordringsdag og Skydekonkurrence 2021 - InterForce\" \/>\n<meta property=\"og:description\" content=\"InterForce Region Hovedstaden inviterer hvert \u00e5r st\u00f8ttevirksomheder p\u00e5 Garderkasernen i H\u00f8velte, til at pr\u00f8ve kr\u00e6fter med forhindringsbaner, h\u00e5ndgranatkast og skydning p\u00e5 skydebanen.\" \/>\n<meta property=\"og:url\" content=\"https:\/\/www.interforce.dk\/kl\/arrangementer\/militaerudfordringsdag-og-skydekonkurrence-2021\/\" \/>\n<meta property=\"og:site_name\" content=\"InterForce\" \/>\n<meta property=\"article:modified_time\" content=\"2021-01-19T10:26:14+00:00\" \/>\n<meta property=\"og:image\" content=\"https:\/\/www.interforce.dk\/app\/uploads\/2020\/05\/Mil-udf.-dag.jpg\" \/>\n\t<meta property=\"og:image:width\" content=\"1035\" \/>\n\t<meta property=\"og:image:height\" content=\"1551\" \/>\n\t<meta property=\"og:image:type\" content=\"image\/jpeg\" \/>\n<meta name=\"twitter:card\" content=\"summary_large_image\" \/>\n<script type=\"application\/ld+json\" class=\"yoast-schema-graph\">{\"@context\":\"https:\\\/\\\/schema.org\",\"@graph\":[{\"@type\":\"WebPage\",\"@id\":\"https:\\\/\\\/www.interforce.dk\\\/arrangementer\\\/militaerudfordringsdag-og-skydekonkurrence-2021\\\/\",\"url\":\"https:\\\/\\\/www.interforce.dk\\\/arrangementer\\\/militaerudfordringsdag-og-skydekonkurrence-2021\\\/\",\"name\":\"Milit\u00e6rudfordringsdag og Skydekonkurrence 2021 - InterForce\",\"isPartOf\":{\"@id\":\"https:\\\/\\\/www.interforce.dk\\\/#website\"},\"primaryImageOfPage\":{\"@id\":\"https:\\\/\\\/www.interforce.dk\\\/arrangementer\\\/militaerudfordringsdag-og-skydekonkurrence-2021\\\/#primaryimage\"},\"image\":{\"@id\":\"https:\\\/\\\/www.interforce.dk\\\/arrangementer\\\/militaerudfordringsdag-og-skydekonkurrence-2021\\\/#primaryimage\"},\"thumbnailUrl\":\"https:\\\/\\\/www.interforce.dk\\\/app\\\/uploads\\\/2020\\\/05\\\/Mil-udf.-dag.jpg\",\"datePublished\":\"2021-01-18T10:19:00+00:00\",\"dateModified\":\"2021-01-19T10:26:14+00:00\",\"breadcrumb\":{\"@id\":\"https:\\\/\\\/www.interforce.dk\\\/arrangementer\\\/militaerudfordringsdag-og-skydekonkurrence-2021\\\/#breadcrumb\"},\"inLanguage\":\"kl-GL\",\"potentialAction\":[{\"@type\":\"ReadAction\",\"target\":[\"https:\\\/\\\/www.interforce.dk\\\/arrangementer\\\/militaerudfordringsdag-og-skydekonkurrence-2021\\\/\"]}]},{\"@type\":\"ImageObject\",\"inLanguage\":\"kl-GL\",\"@id\":\"https:\\\/\\\/www.interforce.dk\\\/arrangementer\\\/militaerudfordringsdag-og-skydekonkurrence-2021\\\/#primaryimage\",\"url\":\"https:\\\/\\\/www.interforce.dk\\\/app\\\/uploads\\\/2020\\\/05\\\/Mil-udf.-dag.jpg\",\"contentUrl\":\"https:\\\/\\\/www.interforce.dk\\\/app\\\/uploads\\\/2020\\\/05\\\/Mil-udf.-dag.jpg\",\"width\":1035,\"height\":1551},{\"@type\":\"BreadcrumbList\",\"@id\":\"https:\\\/\\\/www.interforce.dk\\\/arrangementer\\\/militaerudfordringsdag-og-skydekonkurrence-2021\\\/#breadcrumb\",\"itemListElement\":[{\"@type\":\"ListItem\",\"position\":1,\"name\":\"Hjem\",\"item\":\"https:\\\/\\\/www.interforce.dk\\\/\"},{\"@type\":\"ListItem\",\"position\":2,\"name\":\"Arrangementer\",\"item\":\"https:\\\/\\\/www.interforce.dk\\\/kl\\\/arrangementer\\\/\"},{\"@type\":\"ListItem\",\"position\":3,\"name\":\"Milit\u00e6rudfordringsdag og Skydekonkurrence 2021\"}]},{\"@type\":\"WebSite\",\"@id\":\"https:\\\/\\\/www.interforce.dk\\\/#website\",\"url\":\"https:\\\/\\\/www.interforce.dk\\\/\",\"name\":\"InterForce\",\"description\":\"\",\"potentialAction\":[{\"@type\":\"SearchAction\",\"target\":{\"@type\":\"EntryPoint\",\"urlTemplate\":\"https:\\\/\\\/www.interforce.dk\\\/?s={search_term_string}\"},\"query-input\":{\"@type\":\"PropertyValueSpecification\",\"valueRequired\":true,\"valueName\":\"search_term_string\"}}],\"inLanguage\":\"kl-GL\"}]}<\/script>\n<!-- \/ Yoast SEO plugin. -->","yoast_head_json":{"title":"Milit\u00e6rudfordringsdag og Skydekonkurrence 2021 - InterForce","robots":{"index":"index","follow":"follow","max-snippet":"max-snippet:-1","max-image-preview":"max-image-preview:large","max-video-preview":"max-video-preview:-1"},"canonical":"https:\/\/www.interforce.dk\/kl\/arrangementer\/militaerudfordringsdag-og-skydekonkurrence-2021\/","og_locale":"en_US","og_type":"article","og_title":"Milit\u00e6rudfordringsdag og Skydekonkurrence 2021 - InterForce","og_description":"InterForce Region Hovedstaden inviterer hvert \u00e5r st\u00f8ttevirksomheder p\u00e5 Garderkasernen i H\u00f8velte, til at pr\u00f8ve kr\u00e6fter med forhindringsbaner, h\u00e5ndgranatkast og skydning p\u00e5 skydebanen.","og_url":"https:\/\/www.interforce.dk\/kl\/arrangementer\/militaerudfordringsdag-og-skydekonkurrence-2021\/","og_site_name":"InterForce","article_modified_time":"2021-01-19T10:26:14+00:00","og_image":[{"width":1035,"height":1551,"url":"https:\/\/www.interforce.dk\/app\/uploads\/2020\/05\/Mil-udf.-dag.jpg","type":"image\/jpeg"}],"twitter_card":"summary_large_image","schema":{"@context":"https:\/\/schema.org","@graph":[{"@type":"WebPage","@id":"https:\/\/www.interforce.dk\/arrangementer\/militaerudfordringsdag-og-skydekonkurrence-2021\/","url":"https:\/\/www.interforce.dk\/arrangementer\/militaerudfordringsdag-og-skydekonkurrence-2021\/","name":"Milit\u00e6rudfordringsdag og Skydekonkurrence 2021 - InterForce","isPartOf":{"@id":"https:\/\/www.interforce.dk\/#website"},"primaryImageOfPage":{"@id":"https:\/\/www.interforce.dk\/arrangementer\/militaerudfordringsdag-og-skydekonkurrence-2021\/#primaryimage"},"image":{"@id":"https:\/\/www.interforce.dk\/arrangementer\/militaerudfordringsdag-og-skydekonkurrence-2021\/#primaryimage"},"thumbnailUrl":"https:\/\/www.interforce.dk\/app\/uploads\/2020\/05\/Mil-udf.-dag.jpg","datePublished":"2021-01-18T10:19:00+00:00","dateModified":"2021-01-19T10:26:14+00:00","breadcrumb":{"@id":"https:\/\/www.interforce.dk\/arrangementer\/militaerudfordringsdag-og-skydekonkurrence-2021\/#breadcrumb"},"inLanguage":"kl-GL","potentialAction":[{"@type":"ReadAction","target":["https:\/\/www.interforce.dk\/arrangementer\/militaerudfordringsdag-og-skydekonkurrence-2021\/"]}]},{"@type":"ImageObject","inLanguage":"kl-GL","@id":"https:\/\/www.interforce.dk\/arrangementer\/militaerudfordringsdag-og-skydekonkurrence-2021\/#primaryimage","url":"https:\/\/www.interforce.dk\/app\/uploads\/2020\/05\/Mil-udf.-dag.jpg","contentUrl":"https:\/\/www.interforce.dk\/app\/uploads\/2020\/05\/Mil-udf.-dag.jpg","width":1035,"height":1551},{"@type":"BreadcrumbList","@id":"https:\/\/www.interforce.dk\/arrangementer\/militaerudfordringsdag-og-skydekonkurrence-2021\/#breadcrumb","itemListElement":[{"@type":"ListItem","position":1,"name":"Hjem","item":"https:\/\/www.interforce.dk\/"},{"@type":"ListItem","position":2,"name":"Arrangementer","item":"https:\/\/www.interforce.dk\/kl\/arrangementer\/"},{"@type":"ListItem","position":3,"name":"Milit\u00e6rudfordringsdag og Skydekonkurrence 2021"}]},{"@type":"WebSite","@id":"https:\/\/www.interforce.dk\/#website","url":"https:\/\/www.interforce.dk\/","name":"InterForce","description":"","potentialAction":[{"@type":"SearchAction","target":{"@type":"EntryPoint","urlTemplate":"https:\/\/www.interforce.dk\/?s={search_term_string}"},"query-input":{"@type":"PropertyValueSpecification","valueRequired":true,"valueName":"search_term_string"}}],"inLanguage":"kl-GL"}]}},"_links":{"self":[{"href":"https:\/\/www.interforce.dk\/kl\/wp-json\/wp\/v2\/events\/10166","targetHints":{"allow":["GET"]}}],"collection":[{"href":"https:\/\/www.interforce.dk\/kl\/wp-json\/wp\/v2\/events"}],"about":[{"href":"https:\/\/www.interforce.dk\/kl\/wp-json\/wp\/v2\/types\/events"}],"wp:featuredmedia":[{"embeddable":true,"href":"https:\/\/www.interforce.dk\/kl\/wp-json\/wp\/v2\/media\/10164"}],"wp:attachment":[{"href":"https:\/\/www.interforce.dk\/kl\/wp-json\/wp\/v2\/media?parent=10166"}],"wp:term":[{"taxonomy":"post_tag","embeddable":true,"href":"https:\/\/www.interforce.dk\/kl\/wp-json\/wp\/v2\/tags?post=10166"}],"curies":[{"name":"wp","href":"https:\/\/api.w.org\/{rel}","templated":true}]}}

Militærudfordringsdag og Skydekonkurrence 2021

<div class="block core-block core-block--paragraph">
      <div class="inner inner--small">
      
<p>InterForce Region Hovedstaden inviterer hvert år støttevirksomheder på Garderkasernen i Høvelte, til at prøve kræfter med forhindringsbaner, håndgranatkast og skydning på skydebanen.</p>

      </div>
  </div>

InterForce Region Hovedstaden inviterer hvert år støttevirksomheder på Garder...

<!-- This site is optimized with the Yoast SEO plugin v27.3 - https://yoast.com/product/yoast-seo-wordpress/ -->
<title>Militærudfordringsdag og Skydekonkurrence 2021 - InterForce</title>
<meta name="robots" content="index, follow, max-snippet:-1, max-image-preview:large, max-video-preview:-1" />
<link rel="canonical" href="https://www.interforce.dk/kl/arrangementer/militaerudfordringsdag-og-skydekonkurrence-2021/" />
<meta property="og:locale" content="en_US" />
<meta property="og:type" content="article" />
<meta property="og:title" content="Militærudfordringsdag og Skydekonkurrence 2021 - InterForce" />
<meta property="og:description" content="InterForce Region Hovedstaden inviterer hvert år støttevirksomheder på Garderkasernen i Høvelte, til at prøve kræfter med forhindringsbaner, håndgranatkast og skydning på skydebanen." />
<meta property="og:url" content="https://www.interforce.dk/kl/arrangementer/militaerudfordringsdag-og-skydekonkurrence-2021/" />
<meta property="og:site_name" content="InterForce" />
<meta property="article:modified_time" content="2021-01-19T10:26:14+00:00" />
<meta property="og:image" content="https://www.interforce.dk/app/uploads/2020/05/Mil-udf.-dag.jpg" />
	<meta property="og:image:width" content="1035" />
	<meta property="og:image:height" content="1551" />
	<meta property="og:image:type" content="image/jpeg" />
<meta name="twitter:card" content="summary_large_image" />
<script type="application/ld+json" class="yoast-schema-graph">{"@context":"https:\/\/schema.org","@graph":[{"@type":"WebPage","@id":"https:\/\/www.interforce.dk\/arrangementer\/militaerudfordringsdag-og-skydekonkurrence-2021\/","url":"https:\/\/www.interforce.dk\/arrangementer\/militaerudfordringsdag-og-skydekonkurrence-2021\/","name":"Militærudfordringsdag og Skydekonkurrence 2021 - InterForce","isPartOf":{"@id":"https:\/\/www.interforce.dk\/#website"},"primaryImageOfPage":{"@id":"https:\/\/www.interforce.dk\/arrangementer\/militaerudfordringsdag-og-skydekonkurrence-2021\/#primaryimage"},"image":{"@id":"https:\/\/www.interforce.dk\/arrangementer\/militaerudfordringsdag-og-skydekonkurrence-2021\/#primaryimage"},"thumbnailUrl":"https:\/\/www.interforce.dk\/app\/uploads\/2020\/05\/Mil-udf.-dag.jpg","datePublished":"2021-01-18T10:19:00+00:00","dateModified":"2021-01-19T10:26:14+00:00","breadcrumb":{"@id":"https:\/\/www.interforce.dk\/arrangementer\/militaerudfordringsdag-og-skydekonkurrence-2021\/#breadcrumb"},"inLanguage":"kl-GL","potentialAction":[{"@type":"ReadAction","target":["https:\/\/www.interforce.dk\/arrangementer\/militaerudfordringsdag-og-skydekonkurrence-2021\/"]}]},{"@type":"ImageObject","inLanguage":"kl-GL","@id":"https:\/\/www.interforce.dk\/arrangementer\/militaerudfordringsdag-og-skydekonkurrence-2021\/#primaryimage","url":"https:\/\/www.interforce.dk\/app\/uploads\/2020\/05\/Mil-udf.-dag.jpg","contentUrl":"https:\/\/www.interforce.dk\/app\/uploads\/2020\/05\/Mil-udf.-dag.jpg","width":1035,"height":1551},{"@type":"BreadcrumbList","@id":"https:\/\/www.interforce.dk\/arrangementer\/militaerudfordringsdag-og-skydekonkurrence-2021\/#breadcrumb","itemListElement":[{"@type":"ListItem","position":1,"name":"Hjem","item":"https:\/\/www.interforce.dk\/"},{"@type":"ListItem","position":2,"name":"Arrangementer","item":"https:\/\/www.interforce.dk\/kl\/arrangementer\/"},{"@type":"ListItem","position":3,"name":"Militærudfordringsdag og Skydekonkurrence 2021"}]},{"@type":"WebSite","@id":"https:\/\/www.interforce.dk\/#website","url":"https:\/\/www.interforce.dk\/","name":"InterForce","description":"","potentialAction":[{"@type":"SearchAction","target":{"@type":"EntryPoint","urlTemplate":"https:\/\/www.interforce.dk\/?s={search_term_string}"},"query-input":{"@type":"PropertyValueSpecification","valueRequired":true,"valueName":"search_term_string"}}],"inLanguage":"kl-GL"}]}</script>
<!-- / Yoast SEO plugin. -->

Militærudfordringsdag og Skydekonkurrence 2021 - InterForce

InterForce Region Hovedstaden inviterer hvert år støttevirksomheder på Garderkasernen i Høvelte, til at prøve kræfter med forhindringsbaner, håndgranatkast og skydning på skydebanen.
